{"id":14,"date":"2026-03-11T20:04:55","date_gmt":"2026-03-11T20:04:55","guid":{"rendered":"https:\/\/trainees.pt\/lusiadas\/?page_id=14"},"modified":"2026-03-18T09:57:32","modified_gmt":"2026-03-18T09:57:32","slug":"homepage","status":"publish","type":"page","link":"https:\/\/trainees.pt\/lusiadas\/","title":{"rendered":"Homepage"},"content":{"rendered":"","protected":false},"excerpt":{"rendered":"","protected":false},"author":1,"featured_media":0,"parent":0,"menu_order":0,"comment_status":"closed","ping_status":"closed","template":"","meta":{"footnotes":""},"class_list":["post-14","page","type-page","status-publish","hentry"],"yoast_head":"<!-- This site is optimized with the Yoast SEO plugin v27.1.1 - https:\/\/yoast.com\/product\/yoast-seo-wordpress\/ -->\n<title>Lus\u00edadas Future<\/title>\n<meta name=\"description\" content=\"O Programa Lus\u00edadas Future \u00e9 uma iniciativa de 12 meses, com in\u00edcio em setembro, que desafia jovens talentos a contribuir para o futuro da sa\u00fade em Portugal. Ao longo do programa, vais conhecer a realidade da Lus\u00edadas Sa\u00fade atrav\u00e9s da rota\u00e7\u00e3o por duas \u00e1reas funcionais, mentoria e desenvolvimento de um projeto de inova\u00e7\u00e3o a apresentar ao Conselho de Administra\u00e7\u00e3o.\" \/>\n<meta name=\"robots\" content=\"index, follow, max-snippet:-1, max-image-preview:large, max-video-preview:-1\" \/>\n<link rel=\"canonical\" href=\"https:\/\/trainees.pt\/lusiadas\/\" \/>\n<meta property=\"og:locale\" content=\"pt_PT\" \/>\n<meta property=\"og:type\" content=\"article\" \/>\n<meta property=\"og:title\" content=\"Lus\u00edadas Future\" \/>\n<meta property=\"og:description\" content=\"O Programa Lus\u00edadas Future \u00e9 uma iniciativa de 12 meses, com in\u00edcio em setembro, que desafia jovens talentos a contribuir para o futuro da sa\u00fade em Portugal. Ao longo do programa, vais conhecer a realidade da Lus\u00edadas Sa\u00fade atrav\u00e9s da rota\u00e7\u00e3o por duas \u00e1reas funcionais, mentoria e desenvolvimento de um projeto de inova\u00e7\u00e3o a apresentar ao Conselho de Administra\u00e7\u00e3o.\" \/>\n<meta property=\"og:url\" content=\"https:\/\/trainees.pt\/lusiadas\/\" \/>\n<meta property=\"og:site_name\" content=\"Lus\u00edadas Future\" \/>\n<meta property=\"article:modified_time\" content=\"2026-03-18T09:57:32+00:00\" \/>\n<meta property=\"og:image\" content=\"https:\/\/trainees.pt\/lusiadas\/wp-content\/uploads\/2026\/03\/Metatag_Lusiadas-1.jpg\" \/>\n\t<meta property=\"og:image:width\" content=\"2500\" \/>\n\t<meta property=\"og:image:height\" content=\"1308\" \/>\n\t<meta property=\"og:image:type\" content=\"image\/jpeg\" \/>\n<meta name=\"twitter:card\" content=\"summary_large_image\" \/>\n<script type=\"application\/ld+json\" class=\"yoast-schema-graph\">{\"@context\":\"https:\/\/schema.org\",\"@graph\":[{\"@type\":\"WebPage\",\"@id\":\"https:\/\/trainees.pt\/lusiadas\/\",\"url\":\"https:\/\/trainees.pt\/lusiadas\/\",\"name\":\"Lus\u00edadas Future\",\"isPartOf\":{\"@id\":\"https:\/\/trainees.pt\/lusiadas\/#website\"},\"datePublished\":\"2026-03-11T20:04:55+00:00\",\"dateModified\":\"2026-03-18T09:57:32+00:00\",\"description\":\"O Programa Lus\u00edadas Future \u00e9 uma iniciativa de 12 meses, com in\u00edcio em setembro, que desafia jovens talentos a contribuir para o futuro da sa\u00fade em Portugal. Ao longo do programa, vais conhecer a realidade da Lus\u00edadas Sa\u00fade atrav\u00e9s da rota\u00e7\u00e3o por duas \u00e1reas funcionais, mentoria e desenvolvimento de um projeto de inova\u00e7\u00e3o a apresentar ao Conselho de Administra\u00e7\u00e3o.\",\"breadcrumb\":{\"@id\":\"https:\/\/trainees.pt\/lusiadas\/#breadcrumb\"},\"inLanguage\":\"pt-PT\",\"potentialAction\":[{\"@type\":\"ReadAction\",\"target\":[\"https:\/\/trainees.pt\/lusiadas\/\"]}]},{\"@type\":\"BreadcrumbList\",\"@id\":\"https:\/\/trainees.pt\/lusiadas\/#breadcrumb\",\"itemListElement\":[{\"@type\":\"ListItem\",\"position\":1,\"name\":\"In\u00edcio\",\"item\":\"https:\/\/trainees.pt\/lusiadas\/\"},{\"@type\":\"ListItem\",\"position\":2,\"name\":\"Homepage\"}]},{\"@type\":\"WebSite\",\"@id\":\"https:\/\/trainees.pt\/lusiadas\/#website\",\"url\":\"https:\/\/trainees.pt\/lusiadas\/\",\"name\":\"Lus\u00edadas Future\",\"description\":\"O Programa Lus\u00edadas Future \u00e9 uma iniciativa de 12 meses, com in\u00edcio em setembro, que desafia jovens talentos a contribuir para o futuro da sa\u00fade em Portugal. Ao longo do programa, vais conhecer a realidade da Lus\u00edadas Sa\u00fade atrav\u00e9s da rota\u00e7\u00e3o por duas \u00e1reas funcionais, mentoria e desenvolvimento de um projeto de inova\u00e7\u00e3o a apresentar ao Conselho de Administra\u00e7\u00e3o.\",\"potentialAction\":[{\"@type\":\"SearchAction\",\"target\":{\"@type\":\"EntryPoint\",\"urlTemplate\":\"https:\/\/trainees.pt\/lusiadas\/?s={search_term_string}\"},\"query-input\":{\"@type\":\"PropertyValueSpecification\",\"valueRequired\":true,\"valueName\":\"search_term_string\"}}],\"inLanguage\":\"pt-PT\"}]}<\/script>\n<!-- \/ Yoast SEO plugin. -->","yoast_head_json":{"title":"Lus\u00edadas Future","description":"O Programa Lus\u00edadas Future \u00e9 uma iniciativa de 12 meses, com in\u00edcio em setembro, que desafia jovens talentos a contribuir para o futuro da sa\u00fade em Portugal. Ao longo do programa, vais conhecer a realidade da Lus\u00edadas Sa\u00fade atrav\u00e9s da rota\u00e7\u00e3o por duas \u00e1reas funcionais, mentoria e desenvolvimento de um projeto de inova\u00e7\u00e3o a apresentar ao Conselho de Administra\u00e7\u00e3o.","robots":{"index":"index","follow":"follow","max-snippet":"max-snippet:-1","max-image-preview":"max-image-preview:large","max-video-preview":"max-video-preview:-1"},"canonical":"https:\/\/trainees.pt\/lusiadas\/","og_locale":"pt_PT","og_type":"article","og_title":"Lus\u00edadas Future","og_description":"O Programa Lus\u00edadas Future \u00e9 uma iniciativa de 12 meses, com in\u00edcio em setembro, que desafia jovens talentos a contribuir para o futuro da sa\u00fade em Portugal. Ao longo do programa, vais conhecer a realidade da Lus\u00edadas Sa\u00fade atrav\u00e9s da rota\u00e7\u00e3o por duas \u00e1reas funcionais, mentoria e desenvolvimento de um projeto de inova\u00e7\u00e3o a apresentar ao Conselho de Administra\u00e7\u00e3o.","og_url":"https:\/\/trainees.pt\/lusiadas\/","og_site_name":"Lus\u00edadas Future","article_modified_time":"2026-03-18T09:57:32+00:00","og_image":[{"width":2500,"height":1308,"url":"https:\/\/trainees.pt\/lusiadas\/wp-content\/uploads\/2026\/03\/Metatag_Lusiadas-1.jpg","type":"image\/jpeg"}],"twitter_card":"summary_large_image","schema":{"@context":"https:\/\/schema.org","@graph":[{"@type":"WebPage","@id":"https:\/\/trainees.pt\/lusiadas\/","url":"https:\/\/trainees.pt\/lusiadas\/","name":"Lus\u00edadas Future","isPartOf":{"@id":"https:\/\/trainees.pt\/lusiadas\/#website"},"datePublished":"2026-03-11T20:04:55+00:00","dateModified":"2026-03-18T09:57:32+00:00","description":"O Programa Lus\u00edadas Future \u00e9 uma iniciativa de 12 meses, com in\u00edcio em setembro, que desafia jovens talentos a contribuir para o futuro da sa\u00fade em Portugal. Ao longo do programa, vais conhecer a realidade da Lus\u00edadas Sa\u00fade atrav\u00e9s da rota\u00e7\u00e3o por duas \u00e1reas funcionais, mentoria e desenvolvimento de um projeto de inova\u00e7\u00e3o a apresentar ao Conselho de Administra\u00e7\u00e3o.","breadcrumb":{"@id":"https:\/\/trainees.pt\/lusiadas\/#breadcrumb"},"inLanguage":"pt-PT","potentialAction":[{"@type":"ReadAction","target":["https:\/\/trainees.pt\/lusiadas\/"]}]},{"@type":"BreadcrumbList","@id":"https:\/\/trainees.pt\/lusiadas\/#breadcrumb","itemListElement":[{"@type":"ListItem","position":1,"name":"In\u00edcio","item":"https:\/\/trainees.pt\/lusiadas\/"},{"@type":"ListItem","position":2,"name":"Homepage"}]},{"@type":"WebSite","@id":"https:\/\/trainees.pt\/lusiadas\/#website","url":"https:\/\/trainees.pt\/lusiadas\/","name":"Lus\u00edadas Future","description":"O Programa Lus\u00edadas Future \u00e9 uma iniciativa de 12 meses, com in\u00edcio em setembro, que desafia jovens talentos a contribuir para o futuro da sa\u00fade em Portugal. Ao longo do programa, vais conhecer a realidade da Lus\u00edadas Sa\u00fade atrav\u00e9s da rota\u00e7\u00e3o por duas \u00e1reas funcionais, mentoria e desenvolvimento de um projeto de inova\u00e7\u00e3o a apresentar ao Conselho de Administra\u00e7\u00e3o.","potentialAction":[{"@type":"SearchAction","target":{"@type":"EntryPoint","urlTemplate":"https:\/\/trainees.pt\/lusiadas\/?s={search_term_string}"},"query-input":{"@type":"PropertyValueSpecification","valueRequired":true,"valueName":"search_term_string"}}],"inLanguage":"pt-PT"}]}},"_links":{"self":[{"href":"https:\/\/trainees.pt\/lusiadas\/index.php\/wp-json\/wp\/v2\/pages\/14","targetHints":{"allow":["GET"]}}],"collection":[{"href":"https:\/\/trainees.pt\/lusiadas\/index.php\/wp-json\/wp\/v2\/pages"}],"about":[{"href":"https:\/\/trainees.pt\/lusiadas\/index.php\/wp-json\/wp\/v2\/types\/page"}],"author":[{"embeddable":true,"href":"https:\/\/trainees.pt\/lusiadas\/index.php\/wp-json\/wp\/v2\/users\/1"}],"replies":[{"embeddable":true,"href":"https:\/\/trainees.pt\/lusiadas\/index.php\/wp-json\/wp\/v2\/comments?post=14"}],"version-history":[{"count":5,"href":"https:\/\/trainees.pt\/lusiadas\/index.php\/wp-json\/wp\/v2\/pages\/14\/revisions"}],"predecessor-version":[{"id":794,"href":"https:\/\/trainees.pt\/lusiadas\/index.php\/wp-json\/wp\/v2\/pages\/14\/revisions\/794"}],"wp:attachment":[{"href":"https:\/\/trainees.pt\/lusiadas\/index.php\/wp-json\/wp\/v2\/media?parent=14"}],"curies":[{"name":"wp","href":"https:\/\/api.w.org\/{rel}","templated":true}]}}

<!-- This site is optimized with the Yoast SEO plugin v27.1.1 - https://yoast.com/product/yoast-seo-wordpress/ -->
<title>Lusíadas Future</title>
<meta name="description" content="O Programa Lusíadas Future é uma iniciativa de 12 meses, com início em setembro, que desafia jovens talentos a contribuir para o futuro da saúde em Portugal. Ao longo do programa, vais conhecer a realidade da Lusíadas Saúde através da rotação por duas áreas funcionais, mentoria e desenvolvimento de um projeto de inovação a apresentar ao Conselho de Administração." />
<meta name="robots" content="index, follow, max-snippet:-1, max-image-preview:large, max-video-preview:-1" />
<link rel="canonical" href="https://trainees.pt/lusiadas/" />
<meta property="og:locale" content="pt_PT" />
<meta property="og:type" content="article" />
<meta property="og:title" content="Lusíadas Future" />
<meta property="og:description" content="O Programa Lusíadas Future é uma iniciativa de 12 meses, com início em setembro, que desafia jovens talentos a contribuir para o futuro da saúde em Portugal. Ao longo do programa, vais conhecer a realidade da Lusíadas Saúde através da rotação por duas áreas funcionais, mentoria e desenvolvimento de um projeto de inovação a apresentar ao Conselho de Administração." />
<meta property="og:url" content="https://trainees.pt/lusiadas/" />
<meta property="og:site_name" content="Lusíadas Future" />
<meta property="article:modified_time" content="2026-03-18T09:57:32+00:00" />
<meta property="og:image" content="https://trainees.pt/lusiadas/wp-content/uploads/2026/03/Metatag_Lusiadas-1.jpg" />
	<meta property="og:image:width" content="2500" />
	<meta property="og:image:height" content="1308" />
	<meta property="og:image:type" content="image/jpeg" />
<meta name="twitter:card" content="summary_large_image" />
<script type="application/ld+json" class="yoast-schema-graph">{"@context":"https://schema.org","@graph":[{"@type":"WebPage","@id":"https://trainees.pt/lusiadas/","url":"https://trainees.pt/lusiadas/","name":"Lusíadas Future","isPartOf":{"@id":"https://trainees.pt/lusiadas/#website"},"datePublished":"2026-03-11T20:04:55+00:00","dateModified":"2026-03-18T09:57:32+00:00","description":"O Programa Lusíadas Future é uma iniciativa de 12 meses, com início em setembro, que desafia jovens talentos a contribuir para o futuro da saúde em Portugal. Ao longo do programa, vais conhecer a realidade da Lusíadas Saúde através da rotação por duas áreas funcionais, mentoria e desenvolvimento de um projeto de inovação a apresentar ao Conselho de Administração.","breadcrumb":{"@id":"https://trainees.pt/lusiadas/#breadcrumb"},"inLanguage":"pt-PT","potentialAction":[{"@type":"ReadAction","target":["https://trainees.pt/lusiadas/"]}]},{"@type":"BreadcrumbList","@id":"https://trainees.pt/lusiadas/#breadcrumb","itemListElement":[{"@type":"ListItem","position":1,"name":"Início","item":"https://trainees.pt/lusiadas/"},{"@type":"ListItem","position":2,"name":"Homepage"}]},{"@type":"WebSite","@id":"https://trainees.pt/lusiadas/#website","url":"https://trainees.pt/lusiadas/","name":"Lusíadas Future","description":"O Programa Lusíadas Future é uma iniciativa de 12 meses, com início em setembro, que desafia jovens talentos a contribuir para o futuro da saúde em Portugal. Ao longo do programa, vais conhecer a realidade da Lusíadas Saúde através da rotação por duas áreas funcionais, mentoria e desenvolvimento de um projeto de inovação a apresentar ao Conselho de Administração.","potentialAction":[{"@type":"SearchAction","target":{"@type":"EntryPoint","urlTemplate":"https://trainees.pt/lusiadas/?s={search_term_string}"},"query-input":{"@type":"PropertyValueSpecification","valueRequired":true,"valueName":"search_term_string"}}],"inLanguage":"pt-PT"}]}</script>
<!-- / Yoast SEO plugin. -->

Lusíadas Future

O Programa Lusíadas Future é uma iniciativa de 12 meses, com início em setembro, que desafia jovens talentos a contribuir para o futuro da saúde em Portugal. Ao longo do programa, vais conhecer a realidade da Lusíadas Saúde através da rotação por duas áreas funcionais, mentoria e desenvolvimento de um projeto de inovação a apresentar ao Conselho de Administração.

Início
